 2*h(k) + i(k). Give v(0).
4
Let t(p) = -2*p. Let a(u) = -30 + 22*u + 30 - 6*u. Let y(m) = -2*a(m) - 14*t(m). Suppose -2*w = -3*w + 2. Give y(w).
-8
Let g(l) = 5*l - 9*l - 10 + 3*l - l**2 - 10*l. Let j be 3/2*((-1760)/15)/16. Give g(j).
-10
Suppose -115 = -136*k - 1475. Let q(x) = -4*x - 15. What is q(k)?
25
Suppose -n - 7*k + 9*k + 10 = 0, -5*k - 25 = 0. Suppose -3*h - 4*q - 22 = n, -4*h - 3 = -3*q - 7. Let m(s) = -4*s**2 - 2. Determine m(h).
-18
Let d be ((-4)/(-14))/1 - (-4294)/1582. Let f(h) = -3*h**3 + 5*h**2 + 15*h - 8. What is f(d)?
1
Let s = 103 + -99. Let a(j) = 3*j**2 - 9*j - 13. Let y(z) = z**2 - 3*z - 4. Let u(f) = s*a(f) - 11*y(f). Determine u(6).
10
Let y(v) be the third derivative of 13*v**4/12 - 5*v**3/6 + 5046*v**2. What is y(2)?
47
Let t(l) = -9*l**2 + 10*l**2 + 13*l**2 - 1. Let k be (1/4)/((169/(-52))/13). Calculate t(k).
13
Let f(r) = 12*r - 24 - 30 + 4 - 40. Give f(9).
18
Let p(o) = 2*o**2 + 22*o - 8. Suppose 49*b - 54*b - 30 = -f, -3*f + 18*b + 114 = 0. Calculate p(f).
-28
Let c(a) = -a + 2. Let x be c(-1). Let n(j) = -2*j**2 - 9*j + 7. Let t(u) = -u**2 - 8*u + 6. Let b(y) = -2*n(y) + 3*t(y). Give b(x).
-5
Let l(u) be the second derivative of -u**5/20 + u**4/3 + 43*u**3/6 - 3*u**2 - 5958*u. Determine l(-5).
4
Let k(t) = -1857*t + 1862*t - 22 + 10 - 34. Determine k(7).
-11
Let m(h) = 9 + h**2 - 9*h**2 + 7*h**2 - 15. Give m(4).
-22
Let g(m) be the third derivative of -3/2*m**3 + m**2 + 0*m - 30 + 1/4*m**4 - 1/120*m**6 + 1/12*m**5. Determine g(6).
-9
Let d be 9/3 - (-1 - -2). Let m(f) = -f**d + 7*f - f + 2*f**2 + 3*f - 8. Let n(q) = -q**2 - 9*q + 2. Let h be n(-10). Give m(h).
-16
Suppose -9*b = 30*b + 73 + 44. Let y(c) = -12*c - 8. Determine y(b).
28
Let v(m) = -24*m - 493. Let t be v(-21). Let p(q) = -5*q. What is p(t)?
-55
Let m(j) = -j**2 + 8*j - 7. Suppose 0 = -13*v + 3609 - 1321. Let k = -171 + v. Calculate m(k).
8
Let r = 3283 - 2333. Let m = 945 - r. Let n(j) = j**3 + 7*j**2 + 6*j - 5. Determine n(m).
15
Let x(v) = -3483*v + 7061*v + 2*v**2 - 3487*v - 239. What is x(-48)?
1
Let v(j) be the second derivative of -j**5/20 - j**4/4 + 2*j**3/3 + 6*j**2 - 143*j. Let o be v(-3). Let k(f) = -3 - 2*f**2 + 2*f**2 + f**3. Determine k(o).
-3
Let p(b) be the third derivative of -b**7/5040 + b**6/144 - b**5/30 + 5*b**4/2 - 142*b**2. Let m(n) be the third derivative of p(n). Calculate m(7).
-2
Let w(i) = -i**3 - 28*i**2 - 133*i - 28. Let v be w(-22). Let d(q) = -q - 8. What is d(v)?
-2
Let a be 8 - 1/(-1 - -2). Let m(k) = -55 - k**2 - 959*k + 46 + 969*k. What is m(a)?
12
Suppose 22*y - 5*y - 8*y = 0. Suppose -3*s - 4*v - 13 = y, s + 3*v + 9 = -s. Let t(o) = o + 4. Determine t(s).
1
Let n(c) = 19*c**3 + 1. Let s(g) = -g + 10. Let j be (2 + 0)/((-6)/(-12)). Let i be s(j). Suppose -i = l - 5. Determine n(l).
-18
Let x(o) = -108*o + 28. Let t(s) = 8*s - 2. Let f(v) = 28*t(v) + 2*x(v). Determine f(1).
8
Let y(a) = -39*a**2 - 1. Suppose -31*s = -200 - 79. Suppose 0 = -5*n + p + 6, 4*n = p + 4*p + s. Calculate y(n).
-40
Let r(w) = -5*w**2 + w. Let g = 598 - 858. Let j = 261 + g. Determine r(j).
-4
Let y(f) be the first derivative of f**4/2 - 5*f**3/3 + 5*f**2/2 - 2*f + 4243. Give y(3).
22
Suppose 0 = 4*x - 0*x + 28. Let h = x - -11. Let f(t) = -227 - 224 + 3*t + 666 - 220. Give f(h).
7
Let t(r) = r**3 - 3*r**2 - 4*r + 5. Suppose -4*y + 16 = 0, k + 3*y = -k + 408. Let h = -194 + k. Calculate t(h).
5
Let u(r) be the first derivative of -1/4*r**4 + r + 2*r**3 - 101 + 0*r**2. Give u(6).
1
Let k(i) be the second derivative of -6*i - 5/6*i**3 + 0*i**2 + 0. Suppose -2*q = -1 - 3. Calculate k(q).
-10
Let k(z) be the first derivative of 5*z**3/3 + z**2/2 + 5*z - 5763. What is k(-2)?
23
Let g(x) = x - 5. Let s be g(0). Let u(b) be the second derivative of -58*b - 1/3*b**4 + 0 - 1/20*b**5 + 3*b**2 + 1/3*b**3. Calculate u(s).
21
Let a(t) = -12*t + 16. Let k(p) be the third derivative of -p**4/6 + 5*p**3/6 + 95*p**2. Let l(h) = 3*a(h) - 10*k(h). What is l(3)?
10
Let n(h) = 365*h**2 - 24*h - 2. Let a(d) = -166*d**2 + 11*d + 1. Let b(p) = 11*a(p) + 5*n(p). Let c(t) = t**2 - 6*t + 5. Let l be c(6). Give b(l).
-19
Let u(f) be the third derivative of f**5/12 + f**4/8 - f**3/2 + 1264*f**2. Determine u(1).
5
Let n(o) be the third derivative of o**4/6 + o**3/6 + 75*o**2 + 656. Let c(b) = -b**3 - 4*b**2 + 4*b - 4. Let u be c(-5). Give n(u).
5
Let b(u) be the second derivative of -u**5/20 + 7*u**4/6 + 17*u**3/3 - u**2 - 4*u + 57. Determine b(16).
30
Let m = -15241/2 - -7621. Let i(b) be the second derivative of 0 + 0*b**3 - 32*b - m*b**4 + 7/2*b**2 + 1/20*b**5. What is i(6)?
7
Let u be -4 + -4*-4*3/(-12). Let y(i) = -6*i - 3. Let r(s) = -s + 1. Let q(m) = 5*r(m) - y(m). Calculate q(u).
0
Let d(g) be the third derivative of g**5/60 + g**4/6 + 2*g**3 + 902*g**2 + 2*g. What is d(-5)?
17
Suppose -3*i - 171 = 3*z - 33, 2*i = -8. Let d = -40 - z. Let r(f) = f**3 + 4*f**d + f - 25 + 25. Determine r(-4).
-4
Let x(i) = -i**2 + 4*i + 3. Suppose 4*l - 48 = 8. Suppose -4*f = z - 3, l + 11 = -5*z. Suppose -f*d - 7 = g, -4*d + 2*g = -2*g - 4. Calculate x(d).
-9
Suppose -32*y + 14 = 654. Let s(a) = 4*a + 76. Calculate s(y).
-4
Let k(n) = 4*n**2 - 2*n + 8. Let i(b) = -5*b**2 + 2*b - 12. Let t(h) = 2*i(h) + 3*k(h). Determine t(7).
84
Let i be 2/(8*2/(-18)) + 33/(-44). Let x(o) = -11*o - 16. Calculate x(i).
17
Suppose 4*z - g = -196, -2*z + 0*g = -2*g + 104. Let x = 3001 - 2959. Let f = x + z. Let k(l) = l**3 + 6*l**2 + l + 6. Give k(f).
0
Let r(h) be the second derivative of -h**3/2 + 3*h**2 - 189*h. What is r(3)?
-3
Let g(s) = -2*s - 2. Suppose 87 = -17*b - 100. Let j be (9/b - 46/253)*4. Determine g(j).
6
Let d(r) = 5*r**2 - 23*r + 6. Let o(z) = 13*z**2 - 62*z + 19. Let v(i) = -11*d(i) + 4*o(i). Determine v(5).
-40
Let m(r) = -r**3 - 1 - 22615*r + 45*r**2 + 22620*r - 45*r**2. Calculate m(0).
-1
Let i(g) = 7*g + 130. Let r(d) = d**3 + 10*d**2 + 26*d + 827. Let p be r(-13). What is i(p)?
4
Let f(j) = 20*j - 2. Let t be 1 + (-2 - 2) + (-67 - -72). Let s(k) = -30*k + 58. Let c be s(t). Determine f(c).
-42
Let j(r) = 2*r + 2. Let f be j(-2). Let i(y) = -1 + 38 - 3*y**2 - 5 - 29 - y. What is i(f)?
-7
Suppose -5*c + 2*v + 203 = -v, -5*c + v = -211. Suppose 41*r - c*r + 6 = 0. Let g(d) = 0 + 4*d**2 + 2 - 9*d**r + 10*d**3 - 1. What is g(-3)?
10
Suppose -4*d + 64 = 3*g - g, -3*g - 16 = -2*d. Let u(o) = -2*o - o - d + 4*o + 8. Let i = -3 + 3. Give u(i).
-6
Let b(n) = 3*n**3 + 20*n**2 + 6*n - 86. Let z(o) = 4*o**3 + 18*o**2 + 7*o - 102. Let l(q) = -6*b(q) + 5*z(q). Calculate l(15).
-9
Let x(r) = -r**2 - 9*r - 8. Let t be 3*10/15*-2 - -29. Suppose 7*b - t = -67. Calculate x(b).
10
Let n(m) be the second derivative of -m**6/360 + m**5/20 - m**4/24 + 50*m**3/3 + 82*m. Let y(a) be the second derivative of n(a). Give y(6).
-1
Let x(f) = 3*f - 2. Let j be (-4)/6 - 0 - 1156/(-6). Suppose 194*b = j*b - 10. Determine x(b).
-17
Let w(g) = -g**2 + 32*g + 24. Let t(z) = z**2 - 6*z - 1. Let r(l) = -2*t(l) - w(l). Give r(-20).
-22
Let w be ((-4)/(-2))/(6/924). Let p be ((-6)/7)/(44/w). Let g(n) be the second derivative of -n**3/6 - 6*n**2 + 2*n. What is g(p)?
-6
Let t(y) = 2*y - y**2 + 3*y - 2 + 2*y + 0*y**2. Suppose 2*d = 3*a + 11, 3*d + 3*a = 2*d + 1. Suppose d*c = -5*g + 3*g + 30, 5*g + 15 = 5*c. Give t(c).
4
Suppose 2*z - 2 = 4*m, 274*m + 17 = 270*m + 5*z. Let k(h) be the third derivative of 0*h + 0 + 5*h**m - 3/2*h**3 + 1/12*h**4. What is k(7)?
5
Let v(t) = t**3 + 8*t**2 + 9*t - 10. Let o(u) = -2*u**2 + 2*u - 6*u + 29 + 3*u - 8*u + u**2. Let m be o(-12). Give v(m).
-24
Let c(i) be the second derivative of i**3/6 - i**2 - 246*i - 3. Let y = -5 + 3. Give c(y).
-4
Suppose 2*g + 12 = -4*b, -3*g = -5*b + 2*g. Let y(a) = 3 - 3 - 6392*a + 6384*a. What is y(b)?
16
Suppose g + g = -2*o + 42, 97 = 5*g + o. Let q(z) be the third derivative of z**6/120 - 19*z**5/60 - z**4/24 + 2*z**3 - 27542*z**2. Determine q(g).
-7
Let t(y) = 3*y + 7. Let z(j) = 3*j + 7. Let f(l) = -3*t(l) + 4*z(l). Suppose 3*d + 0*d = 75. Suppose d - 5 = 4*g. What is f(g)?
22
Let w(r) = -16*r - 19. Let y(c) = -3*c - 4. Let n(v) = -2*w(v) + 11*y(v). Let h = -5819 - -5812. Determine n(h).
1
Let j(s) = -s + 20. Let x(w) = w - 5. Let a be x(8). Let v be a/(-4 - (-21)/5). Let k be j(v). Let r(z) = -2*z**2 + 8*z - 3. Determine r(k).
-13
Let